{"id":7180,"date":"2026-03-20T18:00:19","date_gmt":"2026-03-20T16:00:19","guid":{"rendered":"https:\/\/rusistika.ffzg.unizg.hr\/?page_id=7180"},"modified":"2026-03-20T18:01:30","modified_gmt":"2026-03-20T16:01:30","slug":"upravljanje-kvalitetom-2","status":"publish","type":"page","link":"https:\/\/rusistika.ffzg.unizg.hr\/?page_id=7180","title":{"rendered":"Upravljanje kvalitetom"},"content":{"rendered":"\n<p>Sustav za osiguravanje kvalitete visokog obrazovanja na Filozofskom fakultetu u Zagrebu: <a href=\"https:\/\/web2020.ffzg.unizg.hr\/sustav-za-kvalitetu\/\">https:\/\/web2020.ffzg.unizg.hr\/sustav-za-kvalitetu\/<\/a><\/p>\n\n\n\n<p><a rel=\"noreferrer noopener\" target=\"_blank\" href=\"https:\/\/maia.ffzg.hr\/att\/propisi\/Pravilnik-o-osiguravanju-kvaltete-26.pdf\">Pravilnik o sustavu osiguravanja kvalitete<\/a><\/p>\n\n\n\n<p><\/p>\n\n\n\n<p><strong>Povjerenstvo za kvalitetu na Odsjeku za isto\u010dnoslavenske jezike i knji\u017eevnosti<\/strong><\/p>\n\n\n\n<p>Prof. dr. sc. Jasmina Vojvodi\u0107, pro\u010delnica,&nbsp;<a href=\"mailto:jvojvodi@m.ffzg.hr\">jvojvodi@m.ffzg.hr<\/a><\/p>\n\n\n\n<p>Izv. prof. dr. sc. Danijela Lugari\u0107 Vukas, povjerenica za kvalitetu Odsjeka za isto\u010dnoslavenske jezike i knji\u017eevnosti,&nbsp;<a href=\"mailto:dlugaric@m.ffzg.hr\">dlugaric@m.ffzg.hr<\/a><\/p>\n\n\n\n<p>Doc. dr. sc. Dariya Pavle\u0161en, zamjenica povjerenice za kvalitetu,&nbsp;<a href=\"mailto:dpavlese@m.ffzg.hr\">dpavlese@m.ffzg.hr<\/a><\/p>\n\n\n\n<p>Bernarda Valenti\u0107, studentska predstavnica, prijediplomski studij, rusistika,&nbsp;<a href=\"mailto:bvalenti@m.ffzg.hr\">bvalenti@m.ffzg.hr<\/a><\/p>\n\n\n\n<p>Nika Kocijan, studentska predstavnica, diplomski studij, rusistika,&nbsp;<a href=\"mailto:nkocijan@m.ffzg.hr\">nkocijan@m.ffzg.hr<\/a><\/p>\n\n\n\n<p>Katarina Jovakari\u0107, studentska predstavnica, prijediplomski studij, ukrajinistika,&nbsp;<a href=\"mailto:kjovakar@m.ffzg.hr\">kjovakar@m.ffzg.hr<\/a><\/p>\n\n\n\n<p>Tonia Kristaj, studentska predstavnica, diplomski studij, ukrajinistika,&nbsp;<a href=\"mailto:tkristaj@m.ffzg.hr\">tkristaj@m.ffzg.hr<\/a><\/p>\n","protected":false},"excerpt":{"rendered":"<p>Sustav za osiguravanje kvalitete visokog obrazovanja na Filozofskom fakultetu u Zagrebu: https:\/\/web2020.ffzg.unizg.hr\/sustav-za-kvalitetu\/ Pravilnik o sustavu osiguravanja kvalitete Povjerenstvo za kvalitetu na Odsjeku za isto\u010dnoslavenske jezike i knji\u017eevnosti Prof. dr. sc. Jasmina Vojvodi\u0107, pro\u010delnica,&nbsp;jvojvodi@m.ffzg.hr Izv. prof. dr. sc. Danijela Lugari\u0107 Vukas, povjerenica za kvalitetu Odsjeka za isto\u010dnoslavenske jezike i knji\u017eevnosti,&nbsp;dlugaric@m.ffzg.hr Doc. dr. sc. Dariya Pavle\u0161en, zamjenica [&hellip;]<\/p>\n","protected":false},"author":123457,"featured_media":0,"parent":0,"menu_order":0,"comment_status":"closed","ping_status":"closed","template":"","meta":{"footnotes":""},"class_list":["post-7180","page","type-page","status-publish","hentry"],"_links":{"self":[{"href":"https:\/\/rusistika.ffzg.unizg.hr\/index.php?rest_route=\/wp\/v2\/pages\/7180","targetHints":{"allow":["GET"]}}],"collection":[{"href":"https:\/\/rusistika.ffzg.unizg.hr\/index.php?rest_route=\/wp\/v2\/pages"}],"about":[{"href":"https:\/\/rusistika.ffzg.unizg.hr\/index.php?rest_route=\/wp\/v2\/types\/page"}],"author":[{"embeddable":true,"href":"https:\/\/rusistika.ffzg.unizg.hr\/index.php?rest_route=\/wp\/v2\/users\/123457"}],"replies":[{"embeddable":true,"href":"https:\/\/rusistika.ffzg.unizg.hr\/index.php?rest_route=%2Fwp%2Fv2%2Fcomments&post=7180"}],"version-history":[{"count":2,"href":"https:\/\/rusistika.ffzg.unizg.hr\/index.php?rest_route=\/wp\/v2\/pages\/7180\/revisions"}],"predecessor-version":[{"id":7187,"href":"https:\/\/rusistika.ffzg.unizg.hr\/index.php?rest_route=\/wp\/v2\/pages\/7180\/revisions\/7187"}],"wp:attachment":[{"href":"https:\/\/rusistika.ffzg.unizg.hr\/index.php?rest_route=%2Fwp%2Fv2%2Fmedia&parent=7180"}],"curies":[{"name":"wp","href":"https:\/\/api.w.org\/{rel}","templated":true}]}}