{"id":7012,"date":"2025-09-30T23:38:29","date_gmt":"2025-09-30T21:38:29","guid":{"rendered":"https:\/\/rusistika.ffzg.unizg.hr\/?page_id=7012"},"modified":"2026-02-24T13:43:47","modified_gmt":"2026-02-24T11:43:47","slug":"katarina-antonia-boras-asistentica","status":"publish","type":"page","link":"https:\/\/rusistika.ffzg.unizg.hr\/?page_id=7012","title":{"rendered":"Katarina-Antonia Boras, asistentica"},"content":{"rendered":"\n<figure class=\"wp-block-image size-large is-resized\"><a href=\"https:\/\/rusistika.ffzg.unizg.hr\/wp-content\/uploads\/2025\/09\/1000105926-scaled.jpg\"><img loading=\"lazy\" decoding=\"async\" width=\"1024\" height=\"851\" src=\"https:\/\/rusistika.ffzg.unizg.hr\/wp-content\/uploads\/2025\/09\/1000105926-1024x851.jpg\" alt=\"\" class=\"wp-image-7013\" style=\"width:256px;height:auto\" srcset=\"https:\/\/rusistika.ffzg.unizg.hr\/wp-content\/uploads\/2025\/09\/1000105926-1024x851.jpg 1024w, https:\/\/rusistika.ffzg.unizg.hr\/wp-content\/uploads\/2025\/09\/1000105926-300x249.jpg 300w, https:\/\/rusistika.ffzg.unizg.hr\/wp-content\/uploads\/2025\/09\/1000105926-768x638.jpg 768w, https:\/\/rusistika.ffzg.unizg.hr\/wp-content\/uploads\/2025\/09\/1000105926-1536x1276.jpg 1536w, https:\/\/rusistika.ffzg.unizg.hr\/wp-content\/uploads\/2025\/09\/1000105926-2048x1702.jpg 2048w, https:\/\/rusistika.ffzg.unizg.hr\/wp-content\/uploads\/2025\/09\/1000105926-624x519.jpg 624w\" sizes=\"auto, (max-width: 1024px) 100vw, 1024px\" \/><\/a><\/figure>\n\n\n\n<p><strong>Vrijeme konzultacija: <\/strong>ponedjeljak, 14:00 \u2013 15:30<\/p>\n\n\n\n<p><strong>Prostorija: <\/strong>B-204<\/p>\n\n\n\n<p><strong>e-mail:<\/strong>&nbsp;<a href=\"mailto:kboras@m.ffzg.hr\" target=\"_blank\" rel=\"noreferrer noopener\">kboras@m.ffzg.hr<\/a><\/p>\n\n\n\n<p>Katarina-Antonia Boras ro\u0111ena je u Metkovi\u0107u 2000. Godine 2019. upisuje studij Ruskoga&nbsp;i Francuskoga jezika i knji\u017eevnosti na Filozofskom fakultetu u Zagrebu. Godine 2023.&nbsp;dobila je nagradu za izvrsnost na preddiplomskom studiju Francuskoga jezika i&nbsp;knji\u017eevnosti. Iste godine sudjeluje na ljetnoj \u0161koli frankofone mre\u017ee OFFRES. Godine&nbsp;2024. dobitnica je nagrade Josip Badali\u0107 na studiju Ruskog jezika i knji\u017eevnosti. Sudjeluje&nbsp;na projektu&nbsp;Tradespace. U sklopu programa FISH CEEPUS provodi mjesec dana na&nbsp;sveu\u010dili\u0161tu P\u00e1zm\u00e1ny P\u00e9ter Katolikus Egyetem u Budimpe\u0161ti. Iste godine, kao dobitnica&nbsp;nagrade za najbolju studentsku knji\u017eevnu kritiku, nazo\u010di dodjeli knji\u017eevne nagrade&nbsp;Goncourt u Parizu. Sura\u0111uje na projektu&nbsp;Francusko-hrvatska kontrastivna valencijska&nbsp;baza FraCroVal. Odra\u0111uje dvomjese\u010dno pripravni\u0161tvo u Veleposlanstvu Kraljevine Belgije&nbsp;u Zagrebu. U ak. god. 2024.\/2025. bila je predsjednica Kluba studenata rusistike&nbsp;Pu\u0161kin&nbsp;te glavna organizatorica tre\u0107e Konferencije mladih slavista&nbsp;Philoslavicon&nbsp;(svibanj 2025.).&nbsp;Dvaput je pohvaljena na natje\u010daju za Najbolji studentski knji\u017eevni prijevod Sveu\u010dili\u0161ta u&nbsp;Zadru. Triput je izlagala na Konferenciji mladih slavista&nbsp;Philoslavicon. Ljetni semestar ak.&nbsp;god. 2024.\/2025. provodi na Universit\u00e9 d&#8217;Artois, Francuska, u sklopu programa Erasmus+.&nbsp;U ak. god. 2024.\/2025. dobila je nagradu za izvrsnost na diplomskom studiju Ruskog jezika i knji\u017eevnosti te na diplomskom studiju Francuskog jezika i knji\u017eevnosti. Diplomirala je u srpnju 2025.&nbsp;Od 1. listopada 2025. zaposlena je na Katedri za ruski jezik&nbsp;pri Odsjeku za isto\u010dnoslavenske jezike i knji\u017eevnosti. Poha\u0111a Doktorski studij lingvistike. Prevodi s francuskog i s ruskog&nbsp;jezika.<\/p>\n","protected":false},"excerpt":{"rendered":"<p>Vrijeme konzultacija: ponedjeljak, 14:00 \u2013 15:30 Prostorija: B-204 e-mail:&nbsp;kboras@m.ffzg.hr Katarina-Antonia Boras ro\u0111ena je u Metkovi\u0107u 2000. Godine 2019. upisuje studij Ruskoga&nbsp;i Francuskoga jezika i knji\u017eevnosti na Filozofskom fakultetu u Zagrebu. Godine 2023.&nbsp;dobila je nagradu za izvrsnost na preddiplomskom studiju Francuskoga jezika i&nbsp;knji\u017eevnosti. Iste godine sudjeluje na ljetnoj \u0161koli frankofone mre\u017ee OFFRES. Godine&nbsp;2024. dobitnica je nagrade [&hellip;]<\/p>\n","protected":false},"author":123457,"featured_media":0,"parent":18,"menu_order":0,"comment_status":"closed","ping_status":"closed","template":"","meta":{"footnotes":""},"class_list":["post-7012","page","type-page","status-publish","hentry"],"_links":{"self":[{"href":"https:\/\/rusistika.ffzg.unizg.hr\/index.php?rest_route=\/wp\/v2\/pages\/7012","targetHints":{"allow":["GET"]}}],"collection":[{"href":"https:\/\/rusistika.ffzg.unizg.hr\/index.php?rest_route=\/wp\/v2\/pages"}],"about":[{"href":"https:\/\/rusistika.ffzg.unizg.hr\/index.php?rest_route=\/wp\/v2\/types\/page"}],"author":[{"embeddable":true,"href":"https:\/\/rusistika.ffzg.unizg.hr\/index.php?rest_route=\/wp\/v2\/users\/123457"}],"replies":[{"embeddable":true,"href":"https:\/\/rusistika.ffzg.unizg.hr\/index.php?rest_route=%2Fwp%2Fv2%2Fcomments&post=7012"}],"version-history":[{"count":4,"href":"https:\/\/rusistika.ffzg.unizg.hr\/index.php?rest_route=\/wp\/v2\/pages\/7012\/revisions"}],"predecessor-version":[{"id":7144,"href":"https:\/\/rusistika.ffzg.unizg.hr\/index.php?rest_route=\/wp\/v2\/pages\/7012\/revisions\/7144"}],"up":[{"embeddable":true,"href":"https:\/\/rusistika.ffzg.unizg.hr\/index.php?rest_route=\/wp\/v2\/pages\/18"}],"wp:attachment":[{"href":"https:\/\/rusistika.ffzg.unizg.hr\/index.php?rest_route=%2Fwp%2Fv2%2Fmedia&parent=7012"}],"curies":[{"name":"wp","href":"https:\/\/api.w.org\/{rel}","templated":true}]}}