{"id":5352,"date":"2023-09-19T13:04:49","date_gmt":"2023-09-19T11:04:49","guid":{"rendered":"https:\/\/rusistika.ffzg.unizg.hr\/?page_id=5352"},"modified":"2024-09-25T15:13:52","modified_gmt":"2024-09-25T13:13:52","slug":"morfologija-ruskoga-jezika-2-3","status":"publish","type":"page","link":"https:\/\/rusistika.ffzg.unizg.hr\/?page_id=5352","title":{"rendered":"Morfologija ruskoga jezika 2"},"content":{"rendered":"<p>SILABUS kolegija<\/p>\n<p><strong>\u00a0<\/strong><strong>MORFOLOGIJA RUSKOGA JEZIKA 2<\/strong><\/p>\n<p>Predavanje: zimski semestar 2023 \u2014 2024<\/p>\n<p>&nbsp;<\/p>\n<table>\n<tbody>\n<tr>\n<td><strong>Naziv studija: <\/strong>\u00a0\u00a0\u00a0\u00a0\u00a0\u00a0\u00a0\u00a0\u00a0\u00a0\u00a0\u00a0\u00a0\u00a0\u00a0\u00a0\u00a0\u00a0\u00a0\u00a0\u00a0Ruski jezik i knji\u017eevnost<\/p>\n<p>Preddiplomski studij<\/td>\n<\/tr>\n<tr>\n<td><strong>Naziv kolegija:\u00a0\u00a0\u00a0\u00a0\u00a0\u00a0\u00a0\u00a0\u00a0\u00a0\u00a0\u00a0\u00a0\u00a0\u00a0\u00a0\u00a0\u00a0 <\/strong>Morfologija ruskoga jezika 2<\/td>\n<\/tr>\n<tr>\n<td><strong>Ime nastavnika:\u00a0\u00a0\u00a0\u00a0\u00a0\u00a0\u00a0\u00a0\u00a0\u00a0\u00a0\u00a0\u00a0\u00a0\u00a0\u00a0 <\/strong>Prof. dr. sc. \u017deljka \u010celi\u0107<\/td>\n<\/tr>\n<tr>\n<td><strong>ECTS-bodovi:\u00a0\u00a0\u00a0\u00a0\u00a0\u00a0\u00a0\u00a0\u00a0\u00a0\u00a0\u00a0\u00a0\u00a0\u00a0\u00a0\u00a0\u00a0 <\/strong><strong>\u00a0<\/strong><strong>\u00a0<\/strong>3 (5)<\/td>\n<\/tr>\n<tr>\n<td><strong>Jezik:\u00a0\u00a0\u00a0\u00a0\u00a0\u00a0\u00a0\u00a0\u00a0\u00a0\u00a0\u00a0\u00a0\u00a0\u00a0\u00a0\u00a0\u00a0\u00a0\u00a0\u00a0\u00a0\u00a0\u00a0\u00a0\u00a0\u00a0\u00a0\u00a0\u00a0\u00a0 <\/strong>ruski i hrvatski<\/td>\n<\/tr>\n<tr>\n<td><strong>Trajanje:\u00a0\u00a0\u00a0\u00a0\u00a0\u00a0\u00a0\u00a0\u00a0\u00a0\u00a0\u00a0\u00a0\u00a0\u00a0\u00a0\u00a0\u00a0\u00a0\u00a0\u00a0\u00a0\u00a0\u00a0\u00a0\u00a0\u00a0 <\/strong>jedan semestar, 3., zimski<\/td>\n<\/tr>\n<tr>\n<td><strong>Status:\u00a0\u00a0\u00a0\u00a0\u00a0\u00a0\u00a0\u00a0\u00a0\u00a0\u00a0\u00a0\u00a0\u00a0\u00a0\u00a0\u00a0\u00a0\u00a0\u00a0\u00a0\u00a0\u00a0\u00a0\u00a0\u00a0\u00a0\u00a0\u00a0 <\/strong>obavezni<\/td>\n<\/tr>\n<tr>\n<td><strong>Oblik nastave:\u00a0\u00a0\u00a0\u00a0\u00a0\u00a0\u00a0\u00a0\u00a0\u00a0\u00a0\u00a0\u00a0\u00a0\u00a0\u00a0\u00a0\u00a0 <\/strong>predavanje (2 sata)<\/td>\n<\/tr>\n<tr>\n<td><strong>Uvjeti za upis kolegija:\u00a0\u00a0\u00a0\u00a0\u00a0 <\/strong>polo\u017een ispit iz <em>Morfologije ruskoga jezika 1<\/em><\/td>\n<\/tr>\n<tr>\n<td><strong>Cilj kolegija: <\/strong>Usvajanje oblik\u0101 ruskoga jezika i pojmova vezanih uz njih. Stjecanje znanj\u0101 za provo\u0111enje to\u010dnih morfolo\u0161kih i morfemskih analiza. Stvaranje vje\u0161tina prepoznavanja oblik\u0101 ruskoga jezika i automatizma to\u010dne uporabe svih oblika.<\/td>\n<\/tr>\n<tr>\n<td><strong>Uloga kolegija u ukupnome kurikulumu:<\/strong> <em>Morfologija ruskoga jezika 2<\/em> potvr\u0111uje bazu pojmova i podataka usvojenih kroz elementarnu gramatiku ruskoga jezika; uvodi u nove gramati\u010dke kategorije u ruskome jeziku, koje ne postoje u suvremenome hrvatskom standardnom jeziku; nastoji razviti bolji na\u010din usvajanja oblik\u0101 ruskoga jezika i razvija znanstveni pristup u razradi jezi\u010dnih kategorija.<\/td>\n<\/tr>\n<tr>\n<td><strong>Upotrijebljene metode: <\/strong>Predavanje uklju\u010duje interakciju izme\u0111u nastavnika i studenata; prikaz nastavnoga\u00a0 materijala potpomognut je\u00a0 tehni\u010dkim pomagalima.<\/td>\n<\/tr>\n<tr>\n<td width=\"453\"><strong>Sadr\u017eaj kolegija:\u00a0\u00a0\u00a0\u00a0\u00a0 <\/strong><\/td>\n<\/tr>\n<tr>\n<td width=\"453\"><u>1. tjedan<\/u>: ponavljanje: tvorba rije\u010di, morfolo\u0161ka analiza, vrste rije\u010di (imenice, glagoli)<\/td>\n<\/tr>\n<tr>\n<td width=\"453\"><u>2. tjedan<\/u>: glagoli, glagolske osnove, konjugacije<\/td>\n<\/tr>\n<tr>\n<td width=\"453\"><u>3. tjedan<\/u>: glagoli: kategorija vida, broja, lica, roda, stanja; glagol biti; glagoli: kategorija vremena, na\u010dina<\/td>\n<\/tr>\n<tr>\n<td width=\"453\"><u>4 . tjedan<\/u>: glagoli: (ne)prelaznost, (ne)povratnost; kretanje (jednosmjernost, vi\u0161esmjernost)<\/td>\n<\/tr>\n<tr>\n<td width=\"453\"><u>5. tjedan<\/u>: pridjevi: tvorba, deklinacija<\/td>\n<\/tr>\n<tr>\n<td width=\"453\"><u>6. tjedan<\/u>: zamjenice: tvorba, vrste, deklinacija<\/td>\n<\/tr>\n<tr>\n<td width=\"453\"><u>7. tjedan<\/u>: brojevi: vrste, deklinacija<\/td>\n<\/tr>\n<tr>\n<td width=\"453\"><u>8. tjedan<\/u>: glagolski pridjevi: vrste<\/td>\n<\/tr>\n<tr>\n<td width=\"453\"><u>9. tjedan<\/u>: glagolski pridjevi: deklinacija<\/td>\n<\/tr>\n<tr>\n<td width=\"453\"><u>10. tjedan<\/u>: glagolski pridjevi: prichastnyi oborot<\/td>\n<\/tr>\n<tr>\n<td width=\"453\"><u>11. tjedan<\/u>: glagolski prilozi<\/td>\n<\/tr>\n<tr>\n<td width=\"453\"><u>12. tjedan<\/u>: prilozi, komparacija<\/td>\n<\/tr>\n<tr>\n<td width=\"453\"><u>13. tjedan<\/u>: prijedlozi: osnovni prijedlozi i pade\u017ei<\/td>\n<\/tr>\n<tr>\n<td width=\"453\"><u>14. tjedan<\/u>: veznici: vrste, upotreba, veza sa sintaksom; rije\u010dce: uzvici, vrste, upotreba; modalne rije\u010di: upotreba<\/td>\n<\/tr>\n<tr>\n<td width=\"453\"><u>15. tjedan<\/u>: ponavljanje<\/td>\n<\/tr>\n<\/tbody>\n<\/table>\n<p>&nbsp;<\/p>\n<p><em>\u00a0<\/em><\/p>\n<p><em>Literatura<\/em>:<em>\u00a0\u00a0\u00a0\u00a0\u00a0\u00a0\u00a0\u00a0\u00a0\u00a0\u00a0\u00a0\u00a0\u00a0\u00a0 <\/em><\/p>\n<p><em><u>Obavezna<\/u><\/em>:<\/p>\n<p>&nbsp;<\/p>\n<ul>\n<li>\u010celi\u0107, \u017deljka (2022) <em>Poredbena morfologija ruskoga i hrvatskoga jezika. Knjiga prva \/ Sopostavitelnaia morfologia russkogo i horvatskogo iazykov. Tom pervyi. <\/em>Velika Gorica: vlastita naklada.<\/li>\n<li><em>\u041c\u043e\u0440\u0444\u043e\u043b\u043e\u0433\u0438\u044f \/ \u0420\u0443\u0441\u0441\u043a\u0430\u044f \u0433\u0440\u0430\u043c\u043c\u0430\u0442\u0438\u043a\u0430 <\/em>(1980) \u0410\u041d \u0421\u0421\u0421\u0420 \u2014 \u0418\u043d\u0441\u0442\u0438\u0442\u0443\u0442 \u0440\u0443\u0441\u0441\u043a\u043e\u0433\u043e \u044f\u0437\u044b\u043a\u0430. URL: http:\/\/www.rusgram.narod.ru\/index1.html, http:\/\/www.slovari.ru\/default.aspx?s=0&amp;p=2572.<\/li>\n<li><em>\u041c\u043e\u0440\u0444\u043e\u043b\u043e\u0433\u0438\u044f <\/em><em>\/ <\/em><em>\u041a\u0440\u0430\u0442\u043a\u0430\u044f \u0440\u0443\u0441\u0441\u043a\u0430\u044f \u0433\u0440\u0430\u043c\u043c\u0430\u0442\u0438\u043a\u0430 <\/em>(2002) (pp. 163\u2014387). \u041c\u043e\u0441\u043a\u0432\u0430: \u0420\u043e\u0441. \u0430\u043a\u0430\u0434\u0435\u043c\u0438\u044f \u043d\u0430\u0443\u043a.<\/li>\n<li>\u0420\u043e\u0437\u0435\u043d\u0442\u0430\u043b\u044c, \u0414. \u042d. \u0438 \u0434\u0440. (1998, 2003): <em>\u041c\u043e\u0440\u0444\u043e\u043b\u043e\u0433\u0438\u044f <\/em>\/ <em>\u0421\u043e\u0432\u0440\u0435\u043c\u0435\u043d\u043d\u044b\u0439 \u0440\u0443\u0441\u0441\u043a\u0438\u0439 \u044f\u0437\u044b\u043a <\/em>(pp. 176\u2014283). \u041c\u043e\u0441\u043a\u0432\u0430: \u0410\u0439\u0440\u0438\u0441-\u041f\u0440\u0435\u0441\u0441.<em>\u00a0\u00a0\u00a0 <\/em><\/li>\n<li><em>\u041c\u043e\u0440\u0444\u0435\u043c\u0438\u043a\u0430 \/ \u0421\u043e\u0432\u0440\u0435\u043c\u0435\u043d\u043d\u044b\u0439 \u0440\u0443\u0441\u0441\u043a\u0438\u0439 \u044f\u0437\u044b\u043a. \u0422\u0435\u043e\u0440\u0438\u044f. \u0410\u043d\u0430\u043b\u0438\u0437 \u044f\u0437\u044b\u043a\u043e\u0432\u044b\u0445 \u0435\u0434\u0438\u043d\u0438\u0446 <\/em>(2002) (pp. 442\u2014486). \u041c\u043e\u0441\u043a\u0432\u0430: Academia.<\/li>\n<li>\u0422\u0438\u0445\u043e\u043d\u043e\u0432, \u0410. \u041d. (2002): <em>\u0421\u043e\u0432\u0440\u0435\u043c\u0435\u043d\u043d\u044b\u0439 \u0440\u0443\u0441\u0441\u043a\u0438\u0445 \u044f\u0437\u044b\u043a. <\/em>\u041c\u043e\u0441\u043a\u0432\u0430: \u0426\u0438\u0442\u0430\u0434\u0435\u043b\u044c-\u0422\u0440\u0435\u0439\u0434.<\/li>\n<li>\u017divkovi\u0107, I. (2011): <em>\u041f\u043e-\u0440\u0443\u0441\u0441\u043a\u0438 \u043f\u0440\u0430\u0432\u0438\u043b\u044c\u043d\u043e. <\/em><em>\u0421\u0431\u043e\u0440\u043d\u0438\u043a \u0443\u043f\u0440\u0430\u0436\u043d\u0435\u043d\u0438\u0439 \u043f\u043e \u0433\u0440\u0430\u043c\u043c\u0430\u0442\u0438\u043a\u0435 \u0440\u0443\u0441\u0441\u043a\u043e\u0433\u043e \u044f\u0437\u044b\u043a\u0430.<\/em> Zagreb: FF press.<\/li>\n<li>\u017divkovi\u0107, I. (2014, 2016): <em>\u0420\u0443\u0441\u0441\u043a\u0430\u044f \u0433\u0440\u0430\u043c\u043c\u0430\u0442\u0438\u043a\u0430 \u0432 \u0443\u043f\u0440\u0430\u0436\u043d\u0435\u043d\u0438\u044f\u0445: \u0443\u0447\u0435\u0431\u043d\u043e\u0435 \u043f\u043e\u0441\u043e\u0431\u0438\u0435<\/em>. \u041c\u043e\u0441\u043a\u0432\u0430: \u0424\u043b\u0438\u043d\u0442\u0430-\u041d\u0430\u0443\u043a\u0430.<\/li>\n<\/ul>\n<p>&nbsp;<\/p>\n<p><em><u>Dopunska<\/u><\/em><em>:<\/em><\/p>\n<ul>\n<li>\u0413\u043b\u0430\u0437\u0443\u043d\u043e\u0432\u0430, \u041e. \u0418. (2004): <em>\u0414\u0430\u0432\u0430\u0439\u0442\u0435 \u0433\u043e\u0432\u043e\u0440\u0438\u0442\u044c \u043f\u043e-\u0440\u0443\u0441\u0441\u043a\u0438. \u0423\u0447\u0435\u0431\u043d\u043e\u0435 \u043f\u043e\u0441\u043e\u0431\u0438\u0435 \u043f\u043e \u0440\u0443\u0441\u0441\u043a\u043e\u043c\u0443 \u044f\u0437\u044b\u043a\u0443 \u0434\u043b\u044f \u0438\u043d\u043e\u0441\u0442\u0440\u0430\u043d\u0446\u0435\u0432. <\/em>\u041c\u043e\u0441\u043a\u0432\u0430: \u0418\u0437\u0434. \u00ab\u0420\u0443\u0441\u0441\u043a\u0438\u0439 \u044f\u0437\u044b\u043a\u00bb.<\/li>\n<li>Poljanec, R. F. (1967): <em>Pregled gramatike ruskoga jezika. <\/em>Zagreb: \u0160kolska knjiga.<\/li>\n<\/ul>\n<p>&nbsp;<\/p>\n<p>&nbsp;<\/p>\n<p><strong>Studentske obaveze<\/strong>: Redovito posje\u0107ivanje nastave, aktivno sudjelovanje u nastavi.<\/p>\n<p>&nbsp;<\/p>\n<p><strong>Na\u010din polaganja ispita: <\/strong>Pismeni ispit na kraju zimskoga semestra. Usmeni ispit: odgovaranje za vi\u0161u ocjenu.<\/p>\n<p><strong>\u00a0<\/strong><\/p>\n<p><strong>Na\u010din pra\u0107enja kvalitete i uspje\u0161nosti izvedbe kolegija:<\/strong> Anketa Filozofskog fakulteta i anketa Sveu\u010dili\u0161ta u Zagrebu.<\/p>\n<p>&nbsp;<\/p>\n<p>&nbsp;<\/p>\n<p>&nbsp;<\/p>\n<p>&nbsp;<\/p>\n<p>&nbsp;<\/p>\n<p>&nbsp;<\/p>\n<p>&nbsp;<\/p>\n<p>&nbsp;<\/p>\n","protected":false},"excerpt":{"rendered":"<p>SILABUS kolegija \u00a0MORFOLOGIJA RUSKOGA JEZIKA 2 Predavanje: zimski semestar 2023 \u2014 2024 &nbsp; Naziv studija: \u00a0\u00a0\u00a0\u00a0\u00a0\u00a0\u00a0\u00a0\u00a0\u00a0\u00a0\u00a0\u00a0\u00a0\u00a0\u00a0\u00a0\u00a0\u00a0\u00a0\u00a0Ruski jezik i knji\u017eevnost Preddiplomski studij Naziv kolegija:\u00a0\u00a0\u00a0\u00a0\u00a0\u00a0\u00a0\u00a0\u00a0\u00a0\u00a0\u00a0\u00a0\u00a0\u00a0\u00a0\u00a0\u00a0 Morfologija ruskoga jezika 2 Ime nastavnika:\u00a0\u00a0\u00a0\u00a0\u00a0\u00a0\u00a0\u00a0\u00a0\u00a0\u00a0\u00a0\u00a0\u00a0\u00a0\u00a0 Prof. dr. sc. \u017deljka \u010celi\u0107 ECTS-bodovi:\u00a0\u00a0\u00a0\u00a0\u00a0\u00a0\u00a0\u00a0\u00a0\u00a0\u00a0\u00a0\u00a0\u00a0\u00a0\u00a0\u00a0\u00a0 \u00a0\u00a03 (5) Jezik:\u00a0\u00a0\u00a0\u00a0\u00a0\u00a0\u00a0\u00a0\u00a0\u00a0\u00a0\u00a0\u00a0\u00a0\u00a0\u00a0\u00a0\u00a0\u00a0\u00a0\u00a0\u00a0\u00a0\u00a0\u00a0\u00a0\u00a0\u00a0\u00a0\u00a0\u00a0 ruski i hrvatski Trajanje:\u00a0\u00a0\u00a0\u00a0\u00a0\u00a0\u00a0\u00a0\u00a0\u00a0\u00a0\u00a0\u00a0\u00a0\u00a0\u00a0\u00a0\u00a0\u00a0\u00a0\u00a0\u00a0\u00a0\u00a0\u00a0\u00a0\u00a0 jedan semestar, 3., zimski Status:\u00a0\u00a0\u00a0\u00a0\u00a0\u00a0\u00a0\u00a0\u00a0\u00a0\u00a0\u00a0\u00a0\u00a0\u00a0\u00a0\u00a0\u00a0\u00a0\u00a0\u00a0\u00a0\u00a0\u00a0\u00a0\u00a0\u00a0\u00a0\u00a0 obavezni Oblik nastave:\u00a0\u00a0\u00a0\u00a0\u00a0\u00a0\u00a0\u00a0\u00a0\u00a0\u00a0\u00a0\u00a0\u00a0\u00a0\u00a0\u00a0\u00a0 predavanje (2 sata) Uvjeti za [&hellip;]<\/p>\n","protected":false},"author":123457,"featured_media":0,"parent":22,"menu_order":0,"comment_status":"closed","ping_status":"closed","template":"","meta":{"footnotes":""},"class_list":["post-5352","page","type-page","status-publish","hentry"],"_links":{"self":[{"href":"https:\/\/rusistika.ffzg.unizg.hr\/index.php?rest_route=\/wp\/v2\/pages\/5352","targetHints":{"allow":["GET"]}}],"collection":[{"href":"https:\/\/rusistika.ffzg.unizg.hr\/index.php?rest_route=\/wp\/v2\/pages"}],"about":[{"href":"https:\/\/rusistika.ffzg.unizg.hr\/index.php?rest_route=\/wp\/v2\/types\/page"}],"author":[{"embeddable":true,"href":"https:\/\/rusistika.ffzg.unizg.hr\/index.php?rest_route=\/wp\/v2\/users\/123457"}],"replies":[{"embeddable":true,"href":"https:\/\/rusistika.ffzg.unizg.hr\/index.php?rest_route=%2Fwp%2Fv2%2Fcomments&post=5352"}],"version-history":[{"count":1,"href":"https:\/\/rusistika.ffzg.unizg.hr\/index.php?rest_route=\/wp\/v2\/pages\/5352\/revisions"}],"predecessor-version":[{"id":5353,"href":"https:\/\/rusistika.ffzg.unizg.hr\/index.php?rest_route=\/wp\/v2\/pages\/5352\/revisions\/5353"}],"up":[{"embeddable":true,"href":"https:\/\/rusistika.ffzg.unizg.hr\/index.php?rest_route=\/wp\/v2\/pages\/22"}],"wp:attachment":[{"href":"https:\/\/rusistika.ffzg.unizg.hr\/index.php?rest_route=%2Fwp%2Fv2%2Fmedia&parent=5352"}],"curies":[{"name":"wp","href":"https:\/\/api.w.org\/{rel}","templated":true}]}}