{"id":3726,"date":"2019-08-27T17:54:07","date_gmt":"2019-08-27T15:54:07","guid":{"rendered":"https:\/\/rusistika.ffzg.unizg.hr\/?page_id=3726"},"modified":"2024-09-24T21:41:26","modified_gmt":"2024-09-24T19:41:26","slug":"uvjeti-za-upis-3","status":"publish","type":"page","link":"https:\/\/rusistika.ffzg.unizg.hr\/?page_id=3726","title":{"rendered":"Uvjeti za upis"},"content":{"rendered":"<p>Diplomski studij Ruskoga jezika i\u00a0knji\u017eevnosti (Prevoditeljski\/Nastavni\u010dki smjer) upisuje se po zavr\u0161etku \u010detverogodi\u0161njeg Preddiplomskog sveu\u010dili\u0161nog studija ruskoga jezika i\u00a0knji\u017eevnosti u Zagrebu, odnosno stjecanjem minimalno 210 ECTS-bodova. Na Diplomski studij ruskoga jezika i knji\u017eevnosti mogu se, osim studenata koji su zavr\u0161ili Preddiplomski studij ruskoga jezika i knji\u017eevnosti na Filozofskom fakultetu Sveu\u010dili\u0161ta u Zagrebu, upisati i studenti s drugih hrvatskih sveu\u010dili\u0161ta te iz drugih zemalja sa\u00a0<b>zavr\u0161enim studijem rusistike<\/b>\u00a0\u2013 s usporedivim programima rusistike.<\/p>\n","protected":false},"excerpt":{"rendered":"<p>Diplomski studij Ruskoga jezika i\u00a0knji\u017eevnosti (Prevoditeljski\/Nastavni\u010dki smjer) upisuje se po zavr\u0161etku \u010detverogodi\u0161njeg Preddiplomskog sveu\u010dili\u0161nog studija ruskoga jezika i\u00a0knji\u017eevnosti u Zagrebu, odnosno stjecanjem minimalno 210 ECTS-bodova. Na Diplomski studij ruskoga jezika i knji\u017eevnosti mogu se, osim studenata koji su zavr\u0161ili Preddiplomski studij ruskoga jezika i knji\u017eevnosti na Filozofskom fakultetu Sveu\u010dili\u0161ta u Zagrebu, upisati i studenti s [&hellip;]<\/p>\n","protected":false},"author":123457,"featured_media":0,"parent":0,"menu_order":0,"comment_status":"closed","ping_status":"closed","template":"","meta":{"footnotes":""},"class_list":["post-3726","page","type-page","status-publish","hentry"],"_links":{"self":[{"href":"https:\/\/rusistika.ffzg.unizg.hr\/index.php?rest_route=\/wp\/v2\/pages\/3726","targetHints":{"allow":["GET"]}}],"collection":[{"href":"https:\/\/rusistika.ffzg.unizg.hr\/index.php?rest_route=\/wp\/v2\/pages"}],"about":[{"href":"https:\/\/rusistika.ffzg.unizg.hr\/index.php?rest_route=\/wp\/v2\/types\/page"}],"author":[{"embeddable":true,"href":"https:\/\/rusistika.ffzg.unizg.hr\/index.php?rest_route=\/wp\/v2\/users\/123457"}],"replies":[{"embeddable":true,"href":"https:\/\/rusistika.ffzg.unizg.hr\/index.php?rest_route=%2Fwp%2Fv2%2Fcomments&post=3726"}],"version-history":[{"count":2,"href":"https:\/\/rusistika.ffzg.unizg.hr\/index.php?rest_route=\/wp\/v2\/pages\/3726\/revisions"}],"predecessor-version":[{"id":3730,"href":"https:\/\/rusistika.ffzg.unizg.hr\/index.php?rest_route=\/wp\/v2\/pages\/3726\/revisions\/3730"}],"wp:attachment":[{"href":"https:\/\/rusistika.ffzg.unizg.hr\/index.php?rest_route=%2Fwp%2Fv2%2Fmedia&parent=3726"}],"curies":[{"name":"wp","href":"https:\/\/api.w.org\/{rel}","templated":true}]}}