{"id":3539,"date":"2019-03-01T10:25:39","date_gmt":"2019-03-01T08:25:39","guid":{"rendered":"https:\/\/rusistika.ffzg.unizg.hr\/?page_id=3539"},"modified":"2025-10-01T15:22:05","modified_gmt":"2025-10-01T13:22:05","slug":"raspored-preddiplomski","status":"publish","type":"page","link":"https:\/\/rusistika.ffzg.unizg.hr\/?page_id=3539","title":{"rendered":"Raspored prijediplomski"},"content":{"rendered":"\n<p class=\"has-text-align-center\"><span style=\"color: #000000;\"><strong>RASPORED ZA ZIMSKI SEMESTAR 2025.\/2026.<\/strong><\/span><\/p>\n\n\n\n<ol class=\"wp-block-list\">\n<li><strong> GODINA \u2013 1. SEMESTAR<\/strong><\/li>\n<\/ol>\n\n\n\n<figure class=\"wp-block-table\"><table class=\"has-fixed-layout\"><tbody><tr><td>Katarina-Antonia BORAS<\/td><td>Izgovorni praktikum \u2013 1. grupa<\/td><td>utorak 08.00 \u2013 09.30<\/td><td>A306<\/td><\/tr><tr><td>Katarina-Antonia BORAS<\/td><td>Izgovorni praktikum \u2013 2. grupa<\/td><td>\u010detvrtak 14.00 \u2013 15.30<\/td><td>A118<\/td><\/tr><tr><td>Katarina-Antonia BORAS<\/td><td>Izgovorni praktikum \u2013 3. grupa<\/td><td>\u010detvrtak 15.30 \u2013 17.00<\/td><td>A118<\/td><\/tr><tr><td rowspan=\"3\">dr. sc. Marija POPOVI\u0106<\/td><td rowspan=\"3\">Suvremeni ruski jezik 1 \u2013 1. grupa<\/td><td>ponedjeljak 12.30 \u2013 14:00<\/td><td>A306<\/td><\/tr><tr><td>utorak 09.30 \u2013 11.00<\/td><td>A306<\/td><\/tr><tr><td>srijeda 08.00 \u2013 09.30<\/td><td>A306<\/td><\/tr><tr><td rowspan=\"3\">Kristina OKULI\u010cIUTE MIKAC<\/td><td rowspan=\"3\">Suvremeni ruski jezik 1 \u2013 2. grupa<\/td><td>ponedjeljak 14.00 \u2013 15.30<\/td><td>A306<\/td><\/tr><tr><td>srijeda 14.00 \u2013 15.30<\/td><td>A306<\/td><\/tr><tr><td>petak 15.30 \u2013 17.00<\/td><td>A306<\/td><\/tr><tr><td rowspan=\"3\">Sanja DRLJA\u010cA MAGI\u0106<\/td><td rowspan=\"3\">Suvremeni ruski jezik 1 \u2013 3. grupa<\/td><td>utorak&nbsp;11.45 \u2013 13.15<\/td><td>A306<\/td><\/tr><tr><td>srijeda 12.30 \u2013 14.00<\/td><td>A306<\/td><\/tr><tr><td>\u010detvrtak 11.00 \u2013 12.30<\/td><td>A223<\/td><\/tr><tr><td>dr. sc. Jasmina VOJVODI\u0106<\/td><td>Uvod u studij ruske knji\u017eevnosti 1 (predavanje)<\/td><td>petak 11.00 \u2013 12.30<\/td><td>A223<\/td><\/tr><tr><td rowspan=\"2\">Petra GREBENAC<\/td><td>Uvod u studij ruske knji\u017eevnosti 1 (seminar) \u2013 1. grupa<\/td><td>petak 12.30 \u2013 13.15<\/td><td>A223<\/td><\/tr><tr><td>Uvod u studij ruske knji\u017eevnosti 1 (seminar) \u2013 2. grupa<\/td><td>petak 13.15 \u2013 14.00<\/td><td>A223<\/td><\/tr><tr><td>dr. sc. \u017deljka \u010cELI\u0106<\/td><td>Uvod u rusku civilizaciju 1 (izborni)<\/td><td>\u010detvrtak 09.30 \u2013 11.00<\/td><td>A118<\/td><\/tr><tr><td>dr. sc. Bernardina PETROVI\u0106 \/ dr. sc. Ninoslav RADAKOVI\u0106<\/td><td>Hrvatski jezik 1 (predavanje) (izborni) \u2013 grupa 1<\/td><td>utorak 15.30 \u2013 16.15<\/td><td>D4<\/td><\/tr><tr><td>dr. sc. Bernardina PETROVI\u0106 \/ dr. sc. Ninoslav RADAKOVI\u0106<\/td><td>Hrvatski jezik 1 (predavanje) (izborni) \u2013 grupa 2<\/td><td>utorak 16.15 \u2013 17.00<\/td><td>D4<\/td><\/tr><tr><td>dr. sc. Bernardina PETROVI\u0106 \/ dr. sc. Ninoslav RADAKOVI\u0106<\/td><td>Hrvatski jezik 1 (seminar) (izborni) \u2013 grupa 1<\/td><td>utorak 17.00 \u2013 17.45<\/td><td>D4<\/td><\/tr><tr><td>dr. sc. Bernardina PETROVI\u0106 \/ dr. sc. Ninoslav RADAKOVI\u0106<\/td><td>Hrvatski jezik 1 (seminar) (izborni) \u2013 grupa 2<\/td><td>utorak 17.45 \u2013 18.30<\/td><td>D4<\/td><\/tr><tr><td>dr. sc. Bernardina PETROVI\u0106 \/ dr. sc. Ninoslav RADAKOVI\u0106<\/td><td>Hrvatski jezik 1 (seminar) (izborni) \u2013 grupa 3<\/td><td>utorak 18.30 \u2013 19.15<\/td><td>D4<\/td><\/tr><tr><td>dr. sc. Bernardina PETROVI\u0106 \/ dr. sc. Ninoslav RADAKOVI\u0106<\/td><td>Hrvatski jezik 1 (seminar) (izborni) \u2013 grupa 4<\/td><td>utorak 19.15 \u2013 20.00<\/td><td>D4<\/td><\/tr><tr><td>dr. sc. Darko MATOVAC<\/td><td>Hrvatski jezik za neizvorne govornike 1 (izborni)<\/td><td>petak 15.30 \u2013 17.00<\/td><td>B103<\/td><\/tr><\/tbody><\/table><\/figure>\n\n\n\n<ol start=\"2\" class=\"wp-block-list\">\n<li><strong> GODINA \u2013 3. SEMESTAR<\/strong><\/li>\n<\/ol>\n\n\n\n<figure class=\"wp-block-table\"><table class=\"has-fixed-layout\"><tbody><tr><td>dr. sc. \u017deljka \u010cELI\u0106<\/td><td>Morfologija ruskoga jezika<\/td><td>\u010detvrtak 08.00 \u2013 09.30<\/td><td>A118<\/td><\/tr><tr><td rowspan=\"3\">dr. sc. Anita HRNJAK<\/td><td>Gramati\u010dki praktikum \u2013 1. grupa<\/td><td>utorak 09.30 \u2013 11.00<\/td><td>A224<\/td><\/tr><tr><td>Gramati\u010dki praktikum \u2013 2. grupa<\/td><td>srijeda 09.30 \u2013 11.00<\/td><td>A223<\/td><\/tr><tr><td>Gramati\u010dki praktikum \u2013 3. grupa<\/td><td>\u010detvrtak 12.30 \u2013 14.00<\/td><td>A118<\/td><\/tr><tr><td rowspan=\"3\">Kristina OKULI\u010cIUTE MIKAC<\/td><td rowspan=\"3\">Suvremeni ruski jezik 3 \u2013 1. grupa<\/td><td>ponedjeljak 15.30 \u2013 17.00<\/td><td>A306<\/td><\/tr><tr><td>srijeda 15.30 \u2013 17.00<\/td><td>A306<\/td><\/tr><tr><td>petak17.00 \u2013 18.30<\/td><td>A306<\/td><\/tr><tr><td rowspan=\"3\">dr. sc. Anita HRNJAK<\/td><td rowspan=\"3\">Suvremeni ruski jezik 3 \u2013 2. grupa<\/td><td>utorak 08.00 \u2013 09.30<\/td><td>A224<\/td><\/tr><tr><td>srijeda 08.00 \u2013 09.30<\/td><td>A223<\/td><\/tr><tr><td>\u010detvrtak 11.00 \u2013 12.30<\/td><td>A118<\/td><\/tr><tr><td rowspan=\"3\">Sanja DRLJA\u010cA MAGI\u0106<\/td><td rowspan=\"3\">Suvremeni ruski jezik 3 \u2013 3. grupa<\/td><td>utorak 13.15 \u2013 14.45<\/td><td>A306<\/td><\/tr><tr><td>srijeda 11.00 \u2013 12.30<\/td><td>A306<\/td><\/tr><tr><td>\u010detvrtak 12.30 \u2013 14:00<\/td><td>A223<\/td><\/tr><tr><td rowspan=\"2\">dr. sc. Danijela LUGARI\u0106 VUKAS<\/td><td>Pregled povijesti ruske knji\u017eevnosti 1 (predavanje)<\/td><td>utorak 11.00 \u2013 12.30<\/td><td>A223<\/td><\/tr><tr><td>Pregled povijesti ruske knji\u017eevnosti 1 (seminar)<\/td><td>utorak 12.30 \u2013 13.15<\/td><td>A223<\/td><\/tr><tr><td>Antonio MILOVINA<\/td><td>\u010citanje odabranih tekstova iz ruske knji\u017eevnosti 1 (izborni)<\/td><td>utorak 15.30 \u2013 17.00<\/td><td>A223<\/td><\/tr><tr><td>Petra GREBENAC<\/td><td>Analiza djela iz ruske knji\u017eevnosti 1 (izborni)<\/td><td>petak 09.30 \u2013 11:00<\/td><td>A223<\/td><\/tr><tr><td>dr. sc. \u017deljka \u010cELI\u0106<\/td><td>Uvod u rusku civilizaciju 1 (izborni)<\/td><td>\u010detvrtak 09.30 \u2013 11:00<\/td><td>A118<\/td><\/tr><\/tbody><\/table><\/figure>\n\n\n\n<ol start=\"3\" class=\"wp-block-list\">\n<li><strong> GODINA \u2013 5. SEMESTAR<\/strong><\/li>\n<\/ol>\n\n\n\n<figure class=\"wp-block-table\"><table class=\"has-fixed-layout\"><tbody><tr><td rowspan=\"2\">dr. sc. Sne\u017eana JELESIJEVI\u0106<\/td><td rowspan=\"2\">Analiza i interpretacija tekstova od 11. do 16. stolje\u0107a<\/td><td>petak&nbsp;14:45 \u2013 17:45<\/td><td>A-223<\/td><\/tr><tr><td>subota 09:30 \u2013 12:30<strong>*<\/strong><\/td><td>A-223<\/td><\/tr><tr><td rowspan=\"2\">dr. sc. Lidija MILKOVI\u0106<\/td><td>Sintaksa ruskog jezika 1 (predavanje)<\/td><td>\u010detvrtak 09.30 \u2013 10.15<\/td><td>A224<\/td><\/tr><tr><td>Sintaksa ruskog jezika 1 (vje\u017ebe)<\/td><td>\u010detvrtak 10.15 \u2013 11.45<\/td><td>A224<\/td><\/tr><tr><td>dr. sc. Lidija MILKOVI\u0106<\/td><td>Historijska gramatika ruskog jezika 1<\/td><td>\u010detvrtak 08.00 \u2013 09.30<\/td><td>A224<\/td><\/tr><tr><td rowspan=\"2\">Irina MIRONOVA BLA\u017dINA<\/td><td>Jezi\u010dne vje\u017ebe iz ruskog jezika 5 (jezi\u010dne vje\u017ebe) \u2013 1. grupa<\/td><td>utorak 09.30 \u2013 11.00<\/td><td>A223<\/td><\/tr><tr><td>Jezi\u010dne vje\u017ebe iz ruskog jezika 5 (lektira) \u2013 1. grupa<\/td><td>ponedjeljak 08.00 \u201309:30<\/td><td>A223<\/td><\/tr><tr><td rowspan=\"2\">dr. sc. Marija POPOVI\u0106<\/td><td>Jezi\u010dne vje\u017ebe iz ruskog jezika 5 (jezi\u010dne vje\u017ebe) \u2013 2. grupa<\/td><td>utorak11.00 \u2013 12.20<\/td><td>A224<\/td><\/tr><tr><td>Jezi\u010dne vje\u017ebe iz ruskog jezika 5 (lektira) \u2013 2. grupa<\/td><td>srijeda 09.30 \u2013 11.00<\/td><td>A306<\/td><\/tr><tr><td rowspan=\"2\">dr. sc. Danijela LUGARI\u0106 VUKAS<\/td><td>Knji\u017eevnost i kultura kasnog socijalizma 1 (od 1953. do 1968.) (izborni) (predavanje)<\/td><td>srijeda 13.15 \u2013 14.45<\/td><td>A223<\/td><\/tr><tr><td>Knji\u017eevnost i kultura kasnog socijalizma 1 (od 1953. do 1968.) (seminar)<\/td><td>srijeda 14.45\u2013 15.30<\/td><td>A223<\/td><\/tr><tr><td rowspan=\"2\">dr. sc. Ivana PERU\u0160KO<\/td><td>Mihail Bulgakov (dokumentarnost, fantastika, magijski realizam) (izborni) (predavanje)<\/td><td>\u010detvrtak 11.45 \u2013 13.15<\/td><td>A224<\/td><\/tr><tr><td>Mihail Bulgakov (dokumentarnost, fantastika, magijski realizam) (izborni) (seminar)<\/td><td>\u010detvrtak 13.15 \u2013 14.00<\/td><td>A224<\/td><\/tr><tr><td rowspan=\"2\">dr. sc. Jasmina VOJVODI\u0106<\/td><td>Ruska novela 19. stolje\u0107a (izborni) (predavanje)<\/td><td>utorak 12.30 \u2013 14.00<\/td><td>A224<\/td><\/tr><tr><td>Ruska novela 19. stolje\u0107a (izborni) (seminar)<\/td><td>utorak 14.00 \u2013 14.45<\/td><td>A224<\/td><\/tr><tr><td>dr. sc. \u017deljka \u010cELI\u0106<\/td><td>Uvod u rusku civilizaciju 1 (izborni)<\/td><td>\u010detvrtak 09.30 \u2013 11.00<\/td><td>A118<\/td><\/tr><\/tbody><\/table><\/figure>\n\n\n\n<p><strong>*<\/strong> Nastava iz kolegija <em>Analiza i interpretacija tekstova od 11. do 16. stolje\u0107a<\/em> odr\u017eava se kumulativno u \u0161est termina:<\/p>\n\n\n\n<p>1) 24. i 25. listopada 2025.;<\/p>\n\n\n\n<p>2) 07. i 08. studenoga 2025.;<\/p>\n\n\n\n<p>3) 28. i 29. studenoga 2025.;<\/p>\n\n\n\n<p>4) 05. i 06. prosinca 2025;<\/p>\n\n\n\n<p>5) 19. i 20. prosinca 2025.;<\/p>\n\n\n\n<p>6) 16. i 27. sije\u010dnja 2026.<\/p>\n\n\n\n<ol start=\"4\" class=\"wp-block-list\">\n<li><strong>GODINA \u2013 7. SEMESTAR<\/strong><\/li>\n<\/ol>\n\n\n\n<figure class=\"wp-block-table\"><table class=\"has-fixed-layout\"><tbody><tr><td rowspan=\"2\">dr. sc. Sne\u017eana JELESIJEVI\u0106<\/td><td rowspan=\"2\">Analiza i interpretacija tekstova od 11. do 16. stolje\u0107a<\/td><td>petak&nbsp;14:45 \u2013 17:45<\/td><td>A-223<\/td><\/tr><tr><td>subota 09:30 \u2013 12:30<strong>*<\/strong><\/td><td>A-223<\/td><\/tr><tr><td rowspan=\"4\">Irina MIRONOVA BLA\u017dINA<\/td><td rowspan=\"2\">Jezi\u010dne vje\u017ebe iz ruskog jezika 7 \u2013 1. grupa<\/td><td>ponedjeljak 09.30 \u2013 11.00<\/td><td>A223<\/td><\/tr><tr><td>\u010detvrtak 08.00 \u2013 09.30<\/td><td>A223<\/td><\/tr><tr><td rowspan=\"2\">Jezi\u010dne vje\u017ebe iz ruskog jezika 7 \u2013 2. grupa<\/td><td>utorak 08.00 \u2013 09.30<\/td><td>A223<\/td><\/tr><tr><td>\u010detvrtak 09.30 \u2013 11.00<\/td><td>A223<\/td><\/tr><tr><td rowspan=\"2\">dr. sc. Danijela LUGARI\u0106 VUKAS<\/td><td>Knji\u017eevnost i kultura kasnog socijalizma 1 (od 1953. do 1968.) (izborni) (predavanje)<\/td><td>srijeda13.15 \u2013 14.45<\/td><td>A223<\/td><\/tr><tr><td>Knji\u017eevnost i kultura kasnog socijalizma 1 (od 1953. do 1968.) (seminar)<\/td><td>srijeda 14.45\u2013 15.30<\/td><td>A223<\/td><\/tr><tr><td rowspan=\"2\">dr. sc. Ivana PERU\u0160KO<\/td><td>Mihail Bulgakov (dokumentarnost, fantastika, magijski realizam) (izborni) (predavanje)<\/td><td>\u010detvrtak 11.45 \u2013 13.15<\/td><td>A224<\/td><\/tr><tr><td>Mihail Bulgakov (dokumentarnost, fantastika, magijski realizam) (izborni) (seminar)<\/td><td>\u010detvrtak 13.15 \u2013 14.00<\/td><td>A224<\/td><\/tr><tr><td rowspan=\"2\">dr. sc. Jasmina VOJVODI\u0106<\/td><td>Ruska novela 19. stolje\u0107a (izborni) (predavanje)<\/td><td>utorak 12.30 \u2013 14.00<\/td><td>A224<\/td><\/tr><tr><td>Ruska novela 19. stolje\u0107a (izborni) (seminar)<\/td><td>utorak 14.00 \u2013 14.45<\/td><td>A224<\/td><\/tr><tr><td>dr. sc. \u017deljka \u010cELI\u0106<\/td><td>Uvod u rusku civilizaciju 1 (izborni)<\/td><td>\u010detvrtak 09.30 \u2013 11.00<\/td><td>A118<\/td><\/tr><\/tbody><\/table><\/figure>\n\n\n\n<p><strong>*<\/strong> &nbsp;Nastava iz kolegija <em>Analiza i interpretacija tekstova od 11. do 16. stolje\u0107a<\/em> odr\u017eava se kumulativno u \u0161est termina:<\/p>\n\n\n\n<p>1) 24. i 25. listopada 2025.;<\/p>\n\n\n\n<p>2) 07. i 08. studenoga 2025.;<\/p>\n\n\n\n<p>3) 28. i 29. studenoga 2025.;<\/p>\n\n\n\n<p>4) 05. i 06. prosinca 2025;<\/p>\n\n\n\n<p>5) 19. i 20. prosinca 2025.;<\/p>\n\n\n\n<p>6) 16. i 27. sije\u010dnja 2026.<\/p>\n\n\n\n<p><strong>Izborni kolegij za ne-rusiste:<\/strong><\/p>\n\n\n\n<figure class=\"wp-block-table\"><table class=\"has-fixed-layout\"><tbody><tr><td>Katarina-Antonia BORAS&nbsp;<\/td><td>Ruski jezik za kroatiste i druge slaviste 1&nbsp;<\/td><td>ponedjeljak&nbsp;14.00 \u2013 15.30&nbsp;<\/td><td>A223&nbsp;<\/td><\/tr><\/tbody><\/table><\/figure>\n\n\n\n<p><\/p>\n","protected":false},"excerpt":{"rendered":"<p>RASPORED ZA ZIMSKI SEMESTAR 2025.\/2026. Katarina-Antonia BORAS Izgovorni praktikum \u2013 1. grupa utorak 08.00 \u2013 09.30 A306 Katarina-Antonia BORAS Izgovorni praktikum \u2013 2. grupa \u010detvrtak 14.00 \u2013 15.30 A118 Katarina-Antonia BORAS Izgovorni praktikum \u2013 3. grupa \u010detvrtak 15.30 \u2013 17.00 A118 dr. sc. Marija POPOVI\u0106 Suvremeni ruski jezik 1 \u2013 1. grupa ponedjeljak 12.30 \u2013 [&hellip;]<\/p>\n","protected":false},"author":123457,"featured_media":0,"parent":0,"menu_order":0,"comment_status":"closed","ping_status":"closed","template":"","meta":{"footnotes":""},"class_list":["post-3539","page","type-page","status-publish","hentry"],"_links":{"self":[{"href":"https:\/\/rusistika.ffzg.unizg.hr\/index.php?rest_route=\/wp\/v2\/pages\/3539","targetHints":{"allow":["GET"]}}],"collection":[{"href":"https:\/\/rusistika.ffzg.unizg.hr\/index.php?rest_route=\/wp\/v2\/pages"}],"about":[{"href":"https:\/\/rusistika.ffzg.unizg.hr\/index.php?rest_route=\/wp\/v2\/types\/page"}],"author":[{"embeddable":true,"href":"https:\/\/rusistika.ffzg.unizg.hr\/index.php?rest_route=\/wp\/v2\/users\/123457"}],"replies":[{"embeddable":true,"href":"https:\/\/rusistika.ffzg.unizg.hr\/index.php?rest_route=%2Fwp%2Fv2%2Fcomments&post=3539"}],"version-history":[{"count":30,"href":"https:\/\/rusistika.ffzg.unizg.hr\/index.php?rest_route=\/wp\/v2\/pages\/3539\/revisions"}],"predecessor-version":[{"id":7030,"href":"https:\/\/rusistika.ffzg.unizg.hr\/index.php?rest_route=\/wp\/v2\/pages\/3539\/revisions\/7030"}],"wp:attachment":[{"href":"https:\/\/rusistika.ffzg.unizg.hr\/index.php?rest_route=%2Fwp%2Fv2%2Fmedia&parent=3539"}],"curies":[{"name":"wp","href":"https:\/\/api.w.org\/{rel}","templated":true}]}}