{"id":110,"date":"2013-06-05T08:15:22","date_gmt":"2013-06-05T08:15:22","guid":{"rendered":"http:\/\/wp.ffzg.unizg.hr\/rusistika-proba\/?page_id=110"},"modified":"2026-04-01T14:36:23","modified_gmt":"2026-04-01T12:36:23","slug":"danijela-lugaric","status":"publish","type":"page","link":"https:\/\/rusistika.ffzg.unizg.hr\/?page_id=110","title":{"rendered":"red. prof. dr. sc. Danijela Lugari\u0107 Vukas"},"content":{"rendered":"\n<figure class=\"wp-block-image size-full is-resized is-style-default\"><img loading=\"lazy\" decoding=\"async\" width=\"636\" height=\"443\" src=\"https:\/\/rusistika.ffzg.unizg.hr\/wp-content\/uploads\/2024\/09\/IMG_4253.jpg\" alt=\"\" class=\"wp-image-5749\" style=\"width:311px;height:auto\" srcset=\"https:\/\/rusistika.ffzg.unizg.hr\/wp-content\/uploads\/2024\/09\/IMG_4253.jpg 636w, https:\/\/rusistika.ffzg.unizg.hr\/wp-content\/uploads\/2024\/09\/IMG_4253-300x209.jpg 300w, https:\/\/rusistika.ffzg.unizg.hr\/wp-content\/uploads\/2024\/09\/IMG_4253-624x435.jpg 624w\" sizes=\"auto, (max-width: 636px) 100vw, 636px\" \/><\/figure>\n\n\n\n<p><span style=\"color: #000000;\">&nbsp;<\/span><\/p>\n\n\n\n<p><strong>red. prof. dr. sc. <\/strong><strong>Danijela Lugari\u0107 Vukas<\/strong>, <a href=\"mailto:dlugaric@ffzg.hr\">dlugaric@ffzg.hr<\/a>, B-208<\/p>\n\n\n\n<p><strong>konzultacije<\/strong>: srijedom od 12 do 13 sati i prema dogovoru<\/p>\n\n\n\n<p><a href=\"https:\/\/ffzg.academia.edu\/DanijelaLugaric\">https:\/\/ffzg.academia.edu\/DanijelaLugaric<\/a><\/p>\n\n\n\n<p><\/p>\n\n\n\n<p>Doktorirala je u o\u017eujku 2010. Od 2010. godine u statusu je vi\u0161e asistentice; od 2013. u zvanju znanstvene suradnice, od 2015. docentice na Odsjeka za isto\u010dnoslavenske jezike i knji\u017eevnosti Filozofskog fakulteta Sveu\u010dili\u0161ta u Zagrebu, od 2019. u zvanju vi\u0161e znanstvene suradnice, od 2020. izvanredne profesorice na Katedri za rusku knji\u017eevnost Odsjeka za isto\u010dnoslavenske jezike i knji\u017eevnosti.<\/p>\n\n\n\n<p><strong>Znanstveni interes<\/strong><strong>i<\/strong>: knji\u017eevnoznanstvena, kulturolo\u0161ka, rodna i poredbena \u010ditanja ruske knji\u017eevnosti i kulture. Bavi se ruskom knji\u017eevno\u0161\u0107u, posebice druge polovice 20. stolje\u0107a, stvarala\u0161tvom \u017eenskih autorica, popularnom kulturom, komparativnim dodirima, ruskom kriti\u010dkom teorijom i kulturalnim studijima, feministi\u010dkom knji\u017eevnom kritikom te studijima traume i sje\u0107anja.<\/p>\n\n\n\n<p><\/p>\n\n\n\n<p><strong>Autorske i uredni\u010dke knjige<\/strong>:<\/p>\n\n\n\n<ol class=\"wp-block-list\">\n<li>An den R\u00e4ndern der Literatur. Dokument und Literatur in zentraleurop\u00e4ischen Kulturen \u2013 Tracing the Edges of Literature. Documentary Fiction in Central European Culture, B\u00f6hlau Verlag, 2024 (s Milka Car, Csongor L\u0151rincz i G\u00e1bor Tam\u00e1s Moln\u00e1r). (uredni\u010dka knjiga)<\/li>\n\n\n\n<li>Od jezika do teksta. Zbornik u \u010dast 70. ro\u0111endana Josipa U\u017earevi\u0107a, Zagreb: Disput, 2023 (s Jasmina Vojvodi\u0107). (uredni\u010dka knjiga)<\/li>\n\n\n\n<li>\u201eMoja domovina \u2013 SSSR\u201c. Knji\u017eevnost i pam\u0107enje u suvremenom romanu u Rusiji, Zagreb: Disput, 2023. (autorska monografija)<\/li>\n\n\n\n<li>Pojmovnik ruske avangarde 10, Zagreb: Sandorf &amp; Zavod za znanost o knji\u017eevnosti, 2021. (uredni\u010dka knjiga)<\/li>\n\n\n\n<li>Izleti u Drugo: mit, klasa i rod (rasprave o ruskoj knji\u017eevnosti, filmu i popularnoj kulturi), Zagreb: FFpress; Hrvatska sveu\u010dili\u0161na naklada, 2019. (monografija) doi:.org\/10.17234\/9789531756945<\/li>\n\n\n\n<li>The Future of (Post)Socialism: Eastern European Perspectives, New York: State University of New York Press, 2018. (uredni\u010dka knjiga, s Dijana Jela\u010da i John F. Bailyn).<\/li>\n\n\n\n<li>Kulturna povijest Oktobarske revolucije \u2013 sto godina kasnije, Zagreb: FFpress &amp; Zavod za znanost o knji\u017eevnosti, 2017. (uredni\u010dka knjiga)<\/li>\n\n\n\n<li>The Cultural Life of Capitalism in Yugoslavia: (Post)Socialism and Its Other, New York, London: Palgrave Macmillan, 2017 (uredni\u010dka knjiga, s Dijana Jela\u010da i Ma\u0161a Kolanovi\u0107).<\/li>\n\n\n\n<li>Myth and Its Discontents: Memory and Trauma in Central and Eastern European Literature \/\/ Mythos und Ern\u00fcchterung: Zu Trauma und (fraglicher) Erinnerung in Literaturen des zentralen und \u00f6stlichen Europa, Wien: Praesens Verlag, 2017 (zbornik radova, s Milka Car i Gabor Tamas Molnar).<\/li>\n\n\n\n<li>Ruski bardi. Popularno u poeziji Bulata Okud\u017eave i Vladimira Vysockog, Zagreb: Naklada Ljevak, 2011. (monografija)<\/li>\n<\/ol>\n\n\n\n<p>Objavila je i 50-ak znanstvenih radova i 30-ak stru\u010dnih i drugih radova. Mentorirala je 50-ak zavr\u0161nih i diplomskih radova na studiju Ruski jezik i knji\u017eevnost.<\/p>\n\n\n\n<p>Objavila je i 15 prijevoda znanstvenih radova s engleskog, odnosno ruskog jezika, uz prijevod znanstvene monografije Mihaila Bahtina (Edicije Bo\u017ei\u010devi\u0107, 2020). Pripredila je 15-ak znanstvenih monografija u okviru tre\u0107e serije Biblioteke L knji\u017eevno-znanstvenih studija (suuredni\u0161tvo Hrvatske sveu\u010dili\u0161ne naklade i Zavoda za znanost o knji\u017eevnosti). Bila je dugogodi\u0161nja suradnica na projektima Leksikografskog zavoda \u201eMiroslav Krle\u017ea\u201c (Leksikon knji\u017eevno-kulturnog nazivlja, Hrvatska knji\u017eevna enciklopedija, Hrvatska enciklopedija) te je sudjelovala u izradi Leksikona hrvatske knji\u017eevnosti. Djela (\u0160kolska knjiga, Zagreb).<\/p>\n\n\n\n<p>Cjelovita bibliografija: <a href=\"https:\/\/www.croris.hr\/osobe\/profil\/26746\">https:\/\/www.croris.hr\/osobe\/profil\/26746<\/a><\/p>\n\n\n\n<p><\/p>\n\n\n\n<p><strong>Du\u017enosti p<\/strong><strong>ri Odsjeku za isto\u010dnoslavenske jezike i knji\u017eevnosti<\/strong><strong>: <\/strong><\/p>\n\n\n\n<div class=\"wp-block-group\"><div class=\"wp-block-group__inner-container is-layout-constrained wp-block-group-is-layout-constrained\">\n<div class=\"wp-block-group\"><div class=\"wp-block-group__inner-container is-layout-constrained wp-block-group-is-layout-constrained\">\n<p>ECTS koordinatorica (od 2010. do 2015.);<\/p>\n\n\n\n<p>ISVU koordinatorica (od 2016. do 2018.);<\/p>\n\n\n\n<p>Pro\u010delnica Odsjeka (2019\/2020.-2020\/2021).<\/p>\n\n\n\n<p>Predstojnica Zavoda za znanost o knji\u017eevnosti (od 2013.-) (<a href=\"http:\/\/www.ffzg.unizg.hr\/slaven\/istocna\/zzk\/\">http:\/\/www.ffzg.unizg.hr\/slaven\/istocna\/zzk\/<\/a>)<\/p>\n<\/div><\/div>\n<\/div><\/div>\n\n\n\n<p>&nbsp;<\/p>\n\n\n\n<p><strong>Usavr\u0161ava<\/strong><strong>nja: <\/strong><\/p>\n\n\n\n<div class=\"wp-block-group\"><div class=\"wp-block-group__inner-container is-layout-constrained wp-block-group-is-layout-constrained\">\n<p>Sveu\u010dili\u0161te Konstanz (ak. god. 2004\/05) u sklopu DAAD stipendije;<\/p>\n\n\n\n<p>Filolo\u0161ki fakultet Sveu\u010dili\u0161ta u Sankt-Peterburgu (ak. god. 2005\/06) u sklopu stipendije Ruske Federacije;<\/p>\n\n\n\n<p>Sveu\u010dili\u0161te Berkeley u Sjedinjenim Ameri\u010dkim Dr\u017eavama u sklopu stipendije Ameri\u010dke vlade Junior Faculty Development Program (ak. god. 2010\/11);<\/p>\n\n\n\n<p>Spring 2022 Associate (virtual, Open Research Laboratory at Russian, East European, and Euroasian Center at University of Illinois Urbana-Champaign, SAD).<\/p>\n\n\n\n<p>Leibniz-Zentrum f\u00fcr Literatur- und Kulturforschung, Berlin (u sklopu Value of the Past Alliance, sije\u010danj-velja\u010da 2024).<\/p>\n<\/div><\/div>\n\n\n\n<p>&nbsp;<\/p>\n\n\n\n<p><strong>Pozvana predavanja: <\/strong><\/p>\n\n\n\n<div class=\"wp-block-group\"><div class=\"wp-block-group__inner-container is-layout-constrained wp-block-group-is-layout-constrained\">\n<p>Sveu\u010dili\u0161te Stony Brook (2010);<\/p>\n\n\n\n<p>ljetni institut The New York-St. Petersburg Institute of Cognitive and Cultural Studies, Filolo\u0161ki fakultet, Sveu\u010dili\u0161te u Sankt-Peterburgu (2009, 2011, 2014);<\/p>\n\n\n\n<p>Be\u010dki filozofski forum pri Dokumentationsstelle f\u00fcr ost- und mitteleurop\u00e4ische Literatur (2019);<\/p>\n\n\n\n<p>Sveu\u010dili\u0161te Jurja Dobrile u Puli (2019);<\/p>\n\n\n\n<p>Zagreba\u010dka slavisti\u010dka \u0161kola (2017, 2019);<\/p>\n\n\n\n<p>Sveu\u010dili\u0161te u T\u00fcbingenu (2023);<\/p>\n\n\n\n<p>Sveu\u010dili\u0161te u Potsdamu (2024);<\/p>\n\n\n\n<p>Sveu\u010dili\u0161te u Napulju (2024) \u2013 ljetna \u0161kola za studente slavistike.<\/p>\n<\/div><\/div>\n\n\n\n<p>&nbsp;<\/p>\n\n\n\n<p><strong>Znanstveni projekti: <\/strong><\/p>\n\n\n\n<div class=\"wp-block-group\"><div class=\"wp-block-group__inner-container is-layout-constrained wp-block-group-is-layout-constrained\">\n<p>Enciklopedija hrvatske knji\u017eevnosti (MZOS, voditeljica: akad. Dubravka Orai\u0107 Toli\u0107); Suvremena ruska knji\u017eevnost (MZOS, voditelj: akad. Josip U\u017earevi\u0107);<\/p>\n\n\n\n<p>Neomitologizam u kulturi 20. i 21. stolje\u0107a (HRZZ, voditeljica: prof. dr. sc. Jasmina Vojvodi\u0107, 2014-2018);<\/p>\n\n\n\n<p>Ekonomski temelji hrvatske knji\u017eevnosti (HRZZ, voditeljica: doc. dr. sc. Ma\u0161a Kolanovi\u0107, 2017-2020);<\/p>\n\n\n\n<p>Znanost o knji\u017eevnosti u 21. stolje\u0107u \u2013 perspektive interdisciplinarnog razvoja (Institucionalno financiranje znanosti, voditeljica od 2015. do 2019.);<\/p>\n\n\n\n<p>Ruske knji\u017eevne transformacije od 1990. do 2020. (2021-2025, voditeljica: prof. dr. sc. Jasmina Vojvodi\u0107);<\/p>\n\n\n\n<p>Dokument u suvremenoj knji\u017eevnosti u komparativnoj perspektivi (Institucionalno financiranje znanosti, voditeljica 2022. i 2023.)<\/p>\n\n\n\n<p>Diskurzivni i narativni tekstovi u transnacionalnoj perspektivi (Institucionalno financiranje znanosti, voditeljica 2024.).<\/p>\n<\/div><\/div>\n\n\n\n<p>&nbsp;<\/p>\n\n\n\n<p>Organizirala je tri me\u0111unarodne konferencije (s Institutom za ma\u0111arsku knji\u017eevnost i kulturalne studije pri Sveu\u010dili\u0161tu ELTE u Lovranu u rujnu 2015. i u Crikvenici u svibnju 2022., te sa Sveu\u010dili\u0161tem Stony Brook na istoimenom sveu\u010dili\u0161tu u travnju 2015.). Bila je u organizacijskom odboru svjetske me\u0111unarodne konvencije ASEEES (Association for Slavic, East European and Eurasian Studies), koja se je pri Filozofskom fakultetu u Zagrebu odr\u017eala u lipnju 2019., i me\u0111unarodnog znanstvenog skupa East-Central European Literature in\/as World Literature (s Odsjekom za komparativnu knji\u017eevnost i kulturalne studije i Centrom za digitalnu humanistiku pri Sveu\u010dili\u0161tu E\u00f6tv\u00f6s Lor\u00e1nd i Association for the Study of General Literature \u2013 \u00c1ITK), koja se je pri Sveu\u010dili\u0161tu ELTE u Budimpe\u0161ti odr\u017eala tako\u0111er u lipnju 2019.<\/p>\n\n\n\n<p class=\"has-text-align-left\">Od svibnja 2018. u uredni\u010dkom je odboru za predmetno podru\u010dje filologija u izdava\u010dkoj ku\u0107i FF press. U uredni\u010dkom je odboru me\u0111unarodnog \u201epeer review\u201c \u010dasopisa \u201eCentral European Cultures\u201c koji je pokrenuo Centar za izvrsnost pri Sveu\u010dili\u0161tu ELTE (<a href=\"https:\/\/ojs.elte.hu\/cec\/index\">https:\/\/ojs.elte.hu\/cec\/index<\/a>).<\/p>\n\n\n\n<p>Od 2005. godine aktivno je uklju\u010dena u izvo\u0111enje nastave na Katedri za rusku knji\u017eevnost, gdje je predavala ukupno 12 kolegija. Godine 2014. i 2019. odr\u017eava nastavu na doktorskom studiju knji\u017eevnosti, izvedbenih umjetnosti, filma i kulture. U ljetnom semestru akad. godine 2018\/2019., 2019\/2020. i 2020\/2021. gostuju\u0107a je predava\u010dica na Sveu\u010dili\u0161tu u Mostaru (kolegij Ruska knji\u017eevnost prve polovice 20. stolje\u0107a).<\/p>\n\n\n\n<p>&nbsp;<\/p>\n","protected":false},"excerpt":{"rendered":"<p>&nbsp; red. prof. dr. sc. Danijela Lugari\u0107 Vukas, dlugaric@ffzg.hr, B-208 konzultacije: srijedom od 12 do 13 sati i prema dogovoru https:\/\/ffzg.academia.edu\/DanijelaLugaric Doktorirala je u o\u017eujku 2010. Od 2010. godine u statusu je vi\u0161e asistentice; od 2013. u zvanju znanstvene suradnice, od 2015. docentice na Odsjeka za isto\u010dnoslavenske jezike i knji\u017eevnosti Filozofskog fakulteta Sveu\u010dili\u0161ta u Zagrebu, [&hellip;]<\/p>\n","protected":false},"author":123457,"featured_media":0,"parent":18,"menu_order":15,"comment_status":"closed","ping_status":"open","template":"","meta":{"footnotes":""},"class_list":["post-110","page","type-page","status-publish","hentry"],"_links":{"self":[{"href":"https:\/\/rusistika.ffzg.unizg.hr\/index.php?rest_route=\/wp\/v2\/pages\/110","targetHints":{"allow":["GET"]}}],"collection":[{"href":"https:\/\/rusistika.ffzg.unizg.hr\/index.php?rest_route=\/wp\/v2\/pages"}],"about":[{"href":"https:\/\/rusistika.ffzg.unizg.hr\/index.php?rest_route=\/wp\/v2\/types\/page"}],"author":[{"embeddable":true,"href":"https:\/\/rusistika.ffzg.unizg.hr\/index.php?rest_route=\/wp\/v2\/users\/123457"}],"replies":[{"embeddable":true,"href":"https:\/\/rusistika.ffzg.unizg.hr\/index.php?rest_route=%2Fwp%2Fv2%2Fcomments&post=110"}],"version-history":[{"count":47,"href":"https:\/\/rusistika.ffzg.unizg.hr\/index.php?rest_route=\/wp\/v2\/pages\/110\/revisions"}],"predecessor-version":[{"id":7192,"href":"https:\/\/rusistika.ffzg.unizg.hr\/index.php?rest_route=\/wp\/v2\/pages\/110\/revisions\/7192"}],"up":[{"embeddable":true,"href":"https:\/\/rusistika.ffzg.unizg.hr\/index.php?rest_route=\/wp\/v2\/pages\/18"}],"wp:attachment":[{"href":"https:\/\/rusistika.ffzg.unizg.hr\/index.php?rest_route=%2Fwp%2Fv2%2Fmedia&parent=110"}],"curies":[{"name":"wp","href":"https:\/\/api.w.org\/{rel}","templated":true}]}}